et m = -2 + 23. What is the highest common divisor of t and m?
21
Suppose -3*a + 12 + 30 = 0. Calculate the greatest common factor of a and 49.
7
Suppose 0 = -5*k + 5*v + 120, k + v = 5*v + 27. Suppose -247 = -2*m + k. What is the highest common factor of 15 and m?
15
Suppose -p - 2*p - 2*x = -199, -5*x + 277 = 4*p. Suppose 0 = 3*n - 2*y - 15, -2*y = n - 5*y + 2. Calculate the greatest common factor of p and n.
7
Let o = 8 - -17. What is the highest common divisor of o and 175?
25
Let s be 1 + 13 + (1 - 5)/4. Let d(i) = 8*i**2 - 3*i + 2. Let f be d(3). Calculate the greatest common divisor of f and s.
13
Let u(d) = 48*d - 3. Let o be u(1). What is the highest common factor of o and 18?
9
Let p(t) = -t**3 - 2*t**2 - 3. Let b(l) = l**2 + 10*l - 3. Let q be b(-10). Let h be p(q). What is the greatest common divisor of h and 2?
2
Let h = 10 - 4. What is the greatest common factor of 2 and h?
2
Let g(c) = c**3 - 9*c**2 + 3*c + 28. Let h be g(9). Let m = 4 - -1. Calculate the greatest common divisor of m and h.
5
Suppose -5*w - 157 = -472. What is the greatest common factor of 7 and w?
7
Suppose 5*p - 276 - 264 = 0. Let c be (-22)/(-10)*(5 + 0). Let b be c + -1 + 0 + 2. Calculate the greatest common divisor of p and b.
12
Suppose 29*h + 360 = 34*h. What is the greatest common divisor of h and 9?
9
Let h = -27 - -43. Calculate the highest common divisor of h and 176.
16
Suppose 6*i = -2*q + 3*i + 215, 0 = 3*q + 3*i - 327. What is the highest common factor of 14 and q?
14
Let i be (-3)/((-12)/8) + 2. What is the highest common divisor of 2 and i?
2
Suppose 3*x - 134 = -5*n, -4*n - 2*x + 102 = 3*x. What is the highest common divisor of 112 and n?
28
Let c = 0 - -3. Suppose -153 = -c*h + 57. What is the highest common divisor of 10 and h?
10
Suppose -4*c = -4*j + 36, -4*j + 3*c + 6 = -30. What is the greatest common factor of 3 and j?
3
Let p(q) = q**2 + 4*q + 3. Let x be p(-5). Suppose 3*s + 2 = x. Suppose 5*d + 4*n - 205 = -n, -3*d = s*n - 121. What is the greatest common factor of 13 and d?
13
Let h be ((-8)/28)/(1/(-7)). Suppose 2*g - 8 = h*r, 7*g - 2*g - 27 = -2*r. Suppose 2*z + r = 79. Calculate the highest common divisor of 13 and z.
13
Suppose -8*o + 8 = -4*o. Suppose -5*m + 6 = -o*m. Calculate the greatest common divisor of 18 and m.
2
Let x(i) = i**2 + 8*i. Let g be x(-8). Let z be (3 - -6)*(g - -2). Calculate the greatest common divisor of z and 90.
18
Let c be (-2)/(-6) - 8/6. Let r be (c - 0)/(1/(-4)). What is the highest common divisor of 1 and r?
1
Let a be ((-3)/6)/(1/(-24)). Let h be 3/(-4) + (-735)/(-20). Calculate the greatest common divisor of a and h.
12
Suppose 3*w + 8 = 4*d - 7, -15 = -d - 3*w. Let r be (3/(-1))/(d/(-80)). Calculate the highest common divisor of 8 and r.
8
Suppose 26 - 22 = 4*y. What is the greatest common factor of y and 9?
1
Suppose 4*v + 0*w - 136 = w, -5*v + 5*w + 155 = 0. Let f = -15 + v. Suppose -m + 5 = 1. Calculate the highest common factor of m and f.
4
Let r(n) = -n**3 + 12*n**2 + n - 3. Let g be r(12). Calculate the greatest common factor of 9 and g.
9
Let h(v) = v**3 - 4*v**2 - v + 5. Let g be (-1)/(2 + 18/(-8)). Let d be h(g). Let f be d/(2 - (-14)/(-8)). Calculate the highest common divisor of 4 and f.
4
Let c = 416 - 245. Let o = 14 + c. Suppose 248 = 4*j - 4*v, -j = 2*j - 4*v - o. Calculate the greatest common divisor of 9 and j.
9
Let z = 33 + -6. What is the greatest common divisor of z and 3?
3
Let s(p) = p + 9. Let d be s(-7). Let i be (8/2 + 0)/d. Suppose 0 = n + i*n - 4*q - 224, -296 = -4*n + 4*q. Calculate the highest common divisor of n and 8.
8
Suppose y + 3*s - 25 = 0, -5*y - 2*s = -y - 50. Suppose u = -u - 2, 3*l - u - y = 0. What is the highest common factor of 9 and l?
3
Let a(k) = k**2 + 16. Let z be 2/(-12) - (-3)/18. Let r be a(z). Calculate the highest common factor of r and 40.
8
Let x be (-318)/(-14) + (-4)/(-14). What is the greatest common factor of x and 115?
23
Suppose -x = 21 - 109. Calculate the highest common factor of x and 8.
8
Let i(b) = b + 7. Let d be i(-5). Let f be (10 - 0) + 0 - d. Suppose -2*y + 96 = 2*y. What is the greatest common factor of y and f?
8
Suppose -187 = -4*p - 11. Let j(k) = k**2 + 27*k + 61. Let w be j(-25). What is the highest common factor of p and w?
11
Suppose 6*s = 43 + 185. What is the greatest common factor of s and 95?
19
Suppose -29 = -5*t - 4. Suppose -3 = -d + 17. Let a = d - t. What is the greatest common factor of a and 5?
5
Let z be (-1)/2*-6 - 1. Suppose -2*b + 14 = -0. Let h = -5 + b. Calculate the greatest common divisor of z and h.
2
Suppose -f = -6*f. Suppose f*u - 2*u = -48. Let b(o) = o**3 - 6*o**2 - 7*o + 6. Let a be b(7). Calculate the greatest common factor of a and u.
6
Let w(d) = 8 - 6*d**2 + 2*d**3 - d**3 + 5*d + 0*d**2 - 2*d**3. Let f be w(-8). What is the highest common divisor of 12 and f?
12
Let q = 29 - 17. Let c be (148 - q/(-4)) + 1. What is the greatest common divisor of 19 and c?
19
Suppose -2*f = -3 - 267. Calculate the greatest common divisor of f and 54.
27
Let r(c) = 4*c**2 + c - 5. Let q be r(5). Suppose 96 + 68 = i. Let j = i - q. Calculate the highest common factor of j and 16.
16
Let f(o) = -o**2 + 7*o + 7. Let b be f(6). Let u = 147 - 93. Suppose 2 - u = -z. What is the highest common factor of b and z?
13
Suppose 4*f = 35 + 1. Suppose -u + 2*g = -82, f*u - 446 = 4*u + g. What is the highest common divisor of 30 and u?
30
Suppose 0 = x + 3 - 24. What is the greatest common factor of x and 84?
21
Let i(r) = -51*r - 3. Suppose -3*u = -u + 4. Let p be i(u). Suppose -g = -2*n + 3*n - 14, -3 = -n. What is the greatest common divisor of g and p?
11
Let w = 204 + -120. Calculate the greatest common factor of 28 and w.
28
Suppose -5*j + 144 = -276. What is the greatest common factor of j and 14?
14
Let o(v) = -108*v. Let h be o(-1). Suppose 17 = x - 8. Suppose -2*c + x = 1. Calculate the highest common factor of h and c.
12
Suppose 4*r = 3*d - 139, -228 = -5*d - 0*d + 3*r. What is the greatest common divisor of d and 15?
15
Suppose -5*q + 0*q = -45. What is the greatest common divisor of 36 and q?
9
Suppose 0 = 2*l - 4*p - 40, 0 = 4*l + p + p - 130. Calculate the highest common divisor of l and 80.
10
Suppose -2*z = -5*u + 129, z - 5*u + 66 = -u. Let h = 28 - z. Let o = -46 + h. Calculate the highest common divisor of o and 11.
11
Let o(z) = -z**2 - 3*z - 4. Let f be o(-3). Let v = 2 - f. Calculate the highest common divisor of v and 42.
6
Let f = 160 + -154. What is the highest common divisor of 2 and f?
2
Suppose -4*g = 3*f - 92, 3*f - 4*g - 20 = 32. Calculate the highest common divisor of 120 and f.
24
Suppose -64 = 4*z - 176. Suppose 2*u - 1 = u. Let w(q) = 6*q**3 + q**2. Let c be w(u). Calculate the greatest common factor of c and z.
7
Let k be 26/104 - -111*(-1)/(-4). Let t(s) = s**2 + s + 7. Let b be t(0). Calculate the highest common factor of k and b.
7
Let m = 19 - 14. Suppose -2*p + 106 = m*a, p - 12 = 2*a - 49. What is the highest common divisor of 4 and a?
4
Let f(l) = l**3 + 5*l**2 - 9*l - 8. Let n be f(-6). Let w be ((-24)/30)/(2/(-10)). Calculate the highest common divisor of w and n.
2
Let k = -13 - -29. Let n be k/8 - 1*-9. What is the highest common divisor of n and 1?
1
Suppose 0 = f + f - 16. Suppose -2*y + 9 = 1. Suppose -5*g - y*i + 268 = 0, -2*g + 162 = g + 2*i. What is the greatest common factor of g and f?
8
Let f(u) = -u**2 + 4*u + 1. Let i be f(4). Suppose 2*n + 4*w - 22 = 0, n = -0*n + 2*w + 11. Calculate the greatest common factor of n and i.
1
Suppose 0 = q - 5*v + 27, -5*q = 4*v - 0 - 10. Let c be 33*(q - (3 + -8)). Let s be 79/7 + 2/(-7). Calculate the greatest common factor of c and s.
11
Suppose 0 = 5*o + 5*q + 80, 0*o - 3*o - 4*q - 51 = 0. Let z = 33 + o. What is the highest common factor of 10 and z?
10
Let c(v) = 7*v**2 - 3*v + 2. Let p be c(1). Let n(x) = x**3 - 5*x**2 + 4*x + 5. Let z be n(p). What is the highest common divisor of z and 13?
13
Let a be 2/3 - (-130)/39. Calculate the highest common divisor of 14 and a.
2
Let k = -256 - -454. Let w be (-1)/(-2) + 35/2. Calculate the highest common factor of k and w.
18
Suppose -v - c = 3*c + 16, v = 3*c + 19. Let s be (-80)/(-15)*6/v. What is the highest common factor of s and 24?
8
Suppose -2*d - x = -94, -2*x + 53 = d